9393839?
False
Is 162770385 a multiple of 137?
True
Is 1220 a factor of 604756440?
True
Is 2892 a factor of 30975090?
False
Is 484900938 a multiple of 3411?
True
Does 2 divide 2221049?
False
Is 4051 a factor of 708637379?
True
Is 31115150 a multiple of 550?
True
Is 190792290 a multiple of 30?
True
Does 2729 divide 604418298?
False
Is 19184943 a multiple of 4?
False
Is 5134210315 a multiple of 29?
True
Is 61 a factor of 2230027386?
True
Is 19097240 a multiple of 259?
False
Is 108 a factor of 76564332?
True
Is 5 a factor of 1549720?
True
Is 2400 a factor of 650253971?
False
Does 3236 divide 393303440?
True
Does 4054 divide 5498403742?
False
Is 2 a factor of 95125616?
True
Is 2525 a factor of 93639364?
False
Is 104 a factor of 52158421?
False
Does 1918 divide 388354722?
True
Is 2443 a factor of 75596192?
True
Is 12 a factor of 1435565609?
False
Does 10 divide 1749075780?
True
Does 537 divide 901792485?
False
Is 60 a factor of 997594980?
True
Is 4441 a factor of 538648890?
True
Is 286 a factor of 3804505276?
True
Is 63248984 a multiple of 107?
True
Is 127289657 a multiple of 3?
False
Is 63918211 a multiple of 257?
False
Is 52 a factor of 180957281?
False
Is 9290296 a multiple of 68?
True
Does 335 divide 26197102?
False
Is 691 a factor of 23861649?
False
Is 9 a factor of 1288868792?
False
Does 218 divide 39470786?
False
Is 425 a factor of 4000954?
False
Is 149961446 a multiple of 6?
False
Is 171210896 a multiple of 368?
True
Is 402040764 a multiple of 41?
False
Is 2477 a factor of 388108745?
True
Does 18 divide 59065236?
True
Is 820393646 a multiple of 280?
False
Is 49247895 a multiple of 2765?
False
Does 3567 divide 880972681?
False
Is 10 a factor of 19806971?
False
Is 18511900 a multiple of 10?
True
Is 406 a factor of 24164714?
True
Is 280985800 a multiple of 113?
True
Is 6 a factor of 37177758?
True
Is 1354052592 a multiple of 72?
True
Does 12435 divide 606214418?
False
Is 19647363 a multiple of 228?
False
Is 46767809 a multiple of 253?
True
Does 27 divide 7125840?
True
Is 241 a factor of 54765563?
True
Is 35 a factor of 1810796834?
False
Does 4 divide 22910497?
False
Is 28 a factor of 105702128?
True
Is 3121 a factor of 360863534?
False
Is 160051958 a multiple of 727?
True
Does 193 divide 124326354?
True
Does 21 divide 1889450745?
True
Is 639 a factor of 31810415?
False
Does 13 divide 401677692?
True
Is 58 a factor of 4362090061?
False
Does 9912 divide 4633404048?
True
Is 125 a factor of 30992875?
True
Does 139 divide 357161069?
False
Does 10 divide 30194060?
True
Is 4546254941 a multiple of 1949?
True
Does 223 divide 46565909?
False
Does 229 divide 1772801?
False
Is 162146137 a multiple of 1035?
False
Is 366 a factor of 6845213813?
False
Is 339865252 a multiple of 595?
False
Is 1296425143 a multiple of 13091?
False
Is 16 a factor of 50274512?
True
Is 86245808 a multiple of 10?
False
Does 18 divide 776894724?
True
Is 166980142 a multiple of 4?
False
Is 11 a factor of 496499755?
False
Is 392 a factor of 1030905595?
False
Is 111 a factor of 64822761?
False
Is 16 a factor of 923033088?
True
Does 2960 divide 515451362?
False
Is 77290880 a multiple of 8?
True
Is 1996263888 a multiple of 2620?
False
Is 377 a factor of 688706239?
True
Is 1052 a factor of 316869204?
False
Is 64 a factor of 53974720?
True
Does 376 divide 108675593?
False
Is 44167879 a multiple of 2?
False
Is 4 a factor of 421813?
False
Does 9618 divide 1997375194?
False
Is 278464350 a multiple of 614?
True
Is 58901621 a multiple of 9?
False
Does 11 divide 56240019?
True
Is 12211277 a multiple of 347?
True
Is 216 a factor of 85159728?
True
Is 5648258 a multiple of 11?
True
Is 188 a factor of 6479984?
True
Does 1732 divide 75397716?
False
Is 7 a factor of 70158676?
True
Is 37 a factor of 5196502?
True
Does 7165 divide 1618746377?
False
Is 129706593 even?
False
Is 2170 a factor of 1664340?
False
Is 153510254 a multiple of 131?
True
Is 68992686 a multiple of 1311?
True
Does 1866 divide 84507107?
False
Does 360 divide 1060322581?
False
Is 32 a factor of 7178240?
True
Is 45368486 a multiple of 13?
False
Is 8 a factor of 37121392?
True
Is 180575031 a multiple of 28?
False
Is 26371155 a multiple of 764?
False
Is 80623959 a multiple of 39?
True
Does 3267 divide 84677373?
True
Is 1760915379 a multiple of 5779?
False
Is 39 a factor of 424413717?
True
Is 147 a factor of 979686653?
False
Is 1831 a factor of 318638094?
False
Is 78 a factor of 15666066?
True
Is 57 a factor of 1757707844?
False
Is 52582726 a multiple of 1967?
False
Is 44 a factor of 45445532?
True
Is 203776335 a multiple of 21?
True
Is 2441011 a multiple of 67?
True
Does 22 divide 29406595?
False
Does 115 divide 591117895?
False
Is 255067440 a multiple of 2847?
False
Is 8912096 a multiple of 16?
True
Does 264 divide 63886152?
True
Is 31563161 a multiple of 4?
False
Does 1064 divide 77528360?
True
Is 7847733 a multiple of 249?
True
Is 23 a factor of 442446423?
True
Does 230 divide 288985570?
True
Does 81 divide 47546595?
True
Does 306 divide 4487301?
False
Is 1483 a factor of 12480068?
False
Does 33 divide 700170240?
True
Does 918 divide 43062131?
False
Is 268 a factor of 116844427?
False
Is 3 a factor of 4606297?
False
Is 55 a factor of 28771661?
False
Is 230519027 a multiple of 40?
False
Is 28606020 a multiple of 23?
True
Is 2 a factor of 102710518?
True
Does 7 divide 30566186?
True
Does 268 divide 288052028?
True
Does 6989 divide 200130015?
True
Is 25 a factor of 113541333?
False
Does 4319 divide 3374240345?
True
Is 32 a factor of 9194396?
False
Is 1025 a factor of 7524514?
False
Is 15116514 a multiple of 266?
True
Is 24028680 a multiple of 1266?
True
Does 195 divide 11686935?
True
Is 549611234 a multiple of 298?
True
Is 2 a factor of 60917339?
False
Is 239 a factor of 1400608026?
False
Is 336 a factor of 1833737136?
True
Does 11 divide 1066347777?
True
Is 99 a factor of 213761295?
True
Does 161 divide 1016902082?
True
Is 64541085 a multiple of 16?
False
Is 60304723 a multiple of 307?
False
Is 425626326 a multiple of 8?
False
Is 3866948 a multiple of 193?
True
Is 3 a factor of 362189703?
True
Does 3618 divide 194959548?
True
Is 249 a factor of 10276977?
True
Does 59 divide 1775413840?
True
Is 38 a factor of 14811050?
False
Is 12 a factor of 45830196?
True
Is 220955970 a multiple of 1394?
True
Is 113 a factor of 56953686?
False
Is 58 a factor of 34879304?
False
Is 61 a factor of 89701916?
False
Is 58 a factor of 111755114?
False
Is 957783129 a multiple of 995?
False
Is 1128 a factor of 3382878768?
True
Does 2483 divide 317210250?
False
Is 89 a factor of 885686704?
True
Is 308163268 a multiple of 14?
True
Does 3505 divide 1072283674?
False
Is 7 a factor of 869309?
True
Does 1356 divide 351172812?
True
Does 570 divide 109262980?
False
Is 2059454079 a multiple of 976?
False
Does 736 divide 110403680?
True
Is 579 a factor of 667266?
False
Is 138 a factor of 2618372836?
False
Is 49751493 a multiple of 1086?
False
Is 279664964 a multiple of 26?
False
Does 412 divide 26578532?
True
Is 5410013015 a multiple of 985?
True
Is 32090276 a multiple of 7?
False
Is 1018 a factor of 412159?
False
Does 20 divide 7906333?
False
Does 21 divide 46976685?
True
Is 1530 a factor of 200469461?
False
Is 42 a factor of 101168046?
True
Is 111481629 a multiple of 777?
True
Is 395 a factor of 142287373?
False
Is 782 a factor of 16447806?
True
Is 1844 a factor of 179587364?
False
Is 378 a factor of 516719574?
True
Does 655 divide 25745540?
False
Is 124 a factor of 11326160?
True
Is 4919349568 a multiple of 14?
True
Is 1593803952 a multiple of 351?
True
Is 30337700 a multiple of 10?
True
Is 575709956 a multiple of 3572?
True
Does 1396 divide 380999623?
False
Is 21441867 a multiple of 22?
False
Is 286821 a multiple of 81?
True
Does 3 divide 95768752?
False
Is 81584520 a multiple of 89?
True
Is 5 a factor of 5586040?
True
Is 5 a factor of 426013385?
True
Does 57 divide 68994453?
True
Is 15866816 a multiple of 137?
False
Is 514995705 a multiple of 2295?
True
Does 22 divide 35336514?
False
Does 95 divide 6385330?
True
Does 1109 divide 34249731?
False
Does 2173 divide 1210424017?
True
Is 4139 a factor of 7194639871?
False
Is 1879 a factor of 1669250644?
False
Is 30137530 a multiple of 5?
True
Does 39 divide 737026290?
True
Does 1486 divide 12211948?
True
Is 4069322 